e prime factors of t.
7
Let c(i) = 6*i + 7. Let b be c(5). Let m = b + -33. Suppose -2*l + 4*p + 60 = -l, m*p = -3*l + 212. What are the prime factors of l?
2, 17
Let d(t) = t**3 - 7*t**2 + t - 7. Let o be d(7). Suppose o = h - 31 - 21. List the prime factors of h.
2, 13
Let g be 17 + (-12)/(-4) + 0. What are the prime factors of 185/g*(1 + 11)?
3, 37
Let p(o) = -o + 16. Let b be p(11). Suppose 8 - 28 = b*g. What are the prime factors of ((-31)/(-3))/(g/(-12))?
31
List the prime factors of 29188/8 - (-30)/20.
2, 5, 73
Suppose 4*k + 2*p - 3390 = 0, k + 2*p = -138 + 981. What are the prime factors of k?
3, 283
Let p(h) = 173*h**2 - 2. List the prime factors of p(-1).
3, 19
Suppose 0*m = -m + 5. Let t be 112/(-21)*3/(-2). What are the prime factors of -2*((-380)/t)/m?
19
List the prime factors of (-151040)/(-64) + 2 + -4.
2, 3, 131
Let n(z) = 189*z**2 + 388*z + 3. What are the prime factors of n(-5)?
2, 17, 41
Suppose -2*n = -3*z - 2*z - 592, 0 = -n + 5*z + 306. What are the prime factors of n?
2, 11, 13
Suppose -2*r + 14 = 2. Suppose r*v = 2*v + 604. What are the prime factors of v?
151
Let i(g) = -g**3 + 3*g**2 + 3*g + 4. Let b be i(4). Let h be 2 + 139 + (2 - b). Suppose h = 4*k - 73. List the prime factors of k.
2, 3
Let f(p) = 4*p**2 - 6*p + 8. Let c(y) = 9*y**2 - 12*y + 15. Let i(m) = -2*c(m) + 5*f(m). List the prime factors of i(4).
2, 3
What are the prime factors of (3/((-72)/(-9232)))/(2/3)?
577
Let o(q) = 28*q**2 + q + 1. Let t be o(-1). Suppose 4*b - t = -12. Suppose 4*d + b*k = k + 168, 0 = 3*d + 3*k - 123. List the prime factors of d.
3, 5
Let x = 799 + -540. List the prime factors of x.
7, 37
Let s = -1127 - -750. What are the prime factors of (-8)/20 + s/(-5)?
3, 5
Suppose 0*s + 3*s = 6. Suppose 5*m = -0*r - 4*r + 376, -5*m = s*r - 378. Let p = m + -31. List the prime factors of p.
3, 5
Let m(n) = 19*n**2 + 47*n + 225. What are the prime factors of m(-5)?
3, 5, 31
Suppose 3*o - 13 = 5*w, 0*o = 2*w - 2*o + 6. List the prime factors of (2/16*148)/(w/(-8)).
2, 37
Let n be ((-284)/12 + -3)*-6. Let j = -81 + n. What are the prime factors of j?
79
Let v(g) be the third derivative of g**5/12 + g**4/8 + 2*g**3/3 - 6*g**2. List the prime factors of v(-1).
2, 3
Let x be 2/(-15) - (-368)/60. Suppose -5*p + 5*o - x + 1 = 0, o = 4*p + 7. What are the prime factors of -1*2/p*35?
5, 7
List the prime factors of (-8)/(-5 - -13) + 1128.
7, 23
Let h = 69 - 109. List the prime factors of (h/(-100))/((-1)/(-165)).
2, 3, 11
Let r(i) = -i**3 - 9*i**2 - 4*i + 15. Let t be r(-8). Suppose 3*a = 4*a - 29. Let k = a + t. List the prime factors of k.
2, 3
Suppose 7*p - 6*p - 40 = 0. List the prime factors of (-6)/(-15) + 2184/p.
5, 11
Let l(h) = 25*h**2 + 3*h**2 + 128*h**2 - 10*h**2. What are the prime factors of l(-1)?
2, 73
Let k be 50/2 - (0 + 4). Suppose -k*q + 1858 = -116. What are the prime factors of q?
2, 47
List the prime factors of (702 - -2) + 1 + 0 + 1.
2, 353
Let g(m) = -72*m + 50. What are the prime factors of g(-6)?
2, 241
Suppose 4*h - 368 = -48. Let y = h + -57. What are the prime factors of y?
23
Let j = 4010 + -1872. What are the prime factors of j?
2, 1069
Let s = 13 + -10. Suppose o - 2*o = -39. Suppose 0 = -3*a - 4*l + 68 + o, 0 = -s*l + 15. List the prime factors of a.
29
Suppose 4*b + b = 0. Suppose f - 211 = -211. Suppose -3*k + f + 3 = b, 162 = 5*u - 3*k. What are the prime factors of u?
3, 11
Suppose 0 = 4*v - 0 - 12. Suppose v*k = 4*k - 12. What are the prime factors of k?
2, 3
Let s = -17 + 17. Suppose 5*o - 105 = -0*a - 4*a, -2*o + a + 55 = s. What are the prime factors of o?
5
Let s = 634 + -306. List the prime factors of s.
2, 41
What are the prime factors of 10/(-50) + 2201/5?
2, 5, 11
Let m be 1 + 0 - 8*-1. Let s be (7/(-3))/(m/(-27)). Suppose 3*w - s*w + 32 = 0. List the prime factors of w.
2
Let w = 21 - -6. Suppose -4*c = -7*c + w. Suppose -90 = c*h - 11*h. List the prime factors of h.
3, 5
Suppose -5*b + 6*b - 3 = 0. List the prime factors of 2/(b/135*6).
3, 5
What are the prime factors of ((-502)/(-4))/(550/(-80) + 7)?
2, 251
Let w(q) = 21*q**2 + 11*q - 8. Let z(g) = -20*g**2 - 10*g + 7. Let l(o) = -6*w(o) - 7*z(o). Let j be l(-3). Let k = j + -80. What are the prime factors of k?
3, 11
Suppose -16 = 3*u + u. Let d = 1 - u. Let p(n) = -n**2 + 9*n - 6. List the prime factors of p(d).
2, 7
What are the prime factors of (8/5)/((-122)/(-20435))?
2, 67
Let t(b) = b**2 + 2*b + 3. Let h be t(-2). Suppose 5*m - 5 = h*o, 3*m - 6*m + 3 = -3*o. List the prime factors of (-135)/(-3) - (o + 4).
41
Let q(t) = 107*t - 851. What are the prime factors of q(20)?
1289
Suppose -4*d + 20 = 4*s + s, 3*d = -5*s + 20. Suppose -3*y = 5*w - 3, 2*w + d*y + y - 2 = 0. Let o = 9 + w. What are the prime factors of o?
2, 3
Suppose 0 = 5*i + 4*w - 24272, 5*i - 9595 - 14668 = -w. List the prime factors of i.
2, 1213
Let m(j) = j**3 + 11*j**2 + j - 6. Let y(a) = a**3 - 11*a**2 + 16*a + 8. Let o be y(9). What are the prime factors of m(o)?
2, 3, 7
Let o(b) = b**3 - 7*b**2 + 2*b + 3. Let v(i) = -i**2 + 7*i - 5. Let x be v(3). What are the prime factors of o(x)?
17
Let z(j) = 2*j - 28. Let a be z(16). Suppose a*r + 3*u - u = 664, 4*r + 4*u - 672 = 0. What are the prime factors of r?
2, 41
Let v(f) = f**3 - 7*f**2 + 2. Let i be v(7). Suppose 0 = 8*g + 19 - 19. Suppose -i*z = 4*k - 46, -2 + g = k. List the prime factors of z.
3
Let m be 12 - (-12 + -4)/(-4). What are the prime factors of m/(-12)*-36*11/4?
2, 3, 11
Let f = -12 + -8. List the prime factors of f/30 + (-260)/(-3).
2, 43
Let v(q) = -q**3 - 10*q**2 + q + 12. Let j be v(-10). Suppose -j*b + b = -10. Let m(s) = s**2 - 5*s + 6. What are the prime factors of m(b)?
2, 7
Suppose -2*i = 2*g - 7*g + 64, 137 = -5*i + g. List the prime factors of 112/18 + 6/i.
2, 3
Let p be ((-11)/5 - (-2)/10)*38. Let f = 44 - p. What are the prime factors of f?
2, 3, 5
Let z be 169/4 - 6/(-8). Let w = z + 44. List the prime factors of (2/(-3))/((-2)/w).
29
Let t(s) = s**3 - 8*s**2 + 5*s - 9. List the prime factors of t(11).
409
Let b(c) = c**2 + 11*c + 38. List the prime factors of b(-12).
2, 5
Let k(n) be the first derivative of n**5/40 + 5*n**4/24 - 5*n**3/3 - 4. Let x(a) be the third derivative of k(a). What are the prime factors of x(15)?
2, 5
Suppose -2*r + 4*r = 12. List the prime factors of (-2)/r*(-3)/(-2)*-74.
37
Suppose -5*q = 5, -3*a + 2*q = 5*q. Let g(o) = 32*o**2 - 3*o + 4. What are the prime factors of g(a)?
3, 11
Suppose -2*a - 532 = -2*t, 5*t + 0*t - 1334 = 4*a. Let l = t - 188. What are the prime factors of l?
2, 41
Let p = -15 - 12. Let l be 87/p - (-8)/36. Let d = 9 - l. What are the prime factors of d?
2, 3
Let f(r) = r + 15. Let n be f(-13). Suppose q + 0*y - 53 = -n*y, -287 = -5*q + y. Suppose -2*p + 0*p - g = -q, -5*g = 4*p - 129. List the prime factors of p.
2, 13
Let p be (2/(-5))/(1/(-5)). Suppose j - 16 = -p*t + 4*t, -3*t - 27 = -2*j. What are the prime factors of 23 + 1/((-3)/j)?
3, 7
Suppose 14*l - 10*l = 548. Let p = 249 - l. What are the prime factors of p?
2, 7
Let g(c) = 12*c**2 + 5*c**3 + 7*c + 8 - 4*c**3 + c + 3*c. Suppose -5 = 2*m + 17. What are the prime factors of g(m)?
2
Suppose 3*g = 2*b - 883, 16*b - 1755 = 12*b - 5*g. What are the prime factors of b?
2, 5, 11
What are the prime factors of ((-37)/481 + (-3377)/39)*-24?
2, 5, 13
Let g(b) = 2*b**2 + b + 2. Suppose 0 = 3*f + 33 - 6. Let w(x) = -x**3 - 10*x**2 - 8*x + 13. Let u be w(f). List the prime factors of g(u).
2, 19
Let u(l) = 55*l + 5. Let v be u(3). Suppose -t - 4*t = -v. Suppose 0 = -3*y + t + 38. What are the prime factors of y?
2, 3
Let t = 1100 + -652. What are the prime factors of t?
2, 7
Suppose 12*c - 14938 = 9*c - 2*k, -10 = -5*k. What are the prime factors of c?
2, 19, 131
Suppose -2*h = -6, 6 = 5*g - 2*h - 28. Suppose 76 = 4*x - 4*a, -2*a = 5*x - 0*a - 81. Suppose n - x - g = 0. What are the prime factors of n?
5
Let d = 11 - 11. Suppose -3*a + d*b = -3*b - 390, -2*b = -3*a + 389. What are the prime factors of a?
3, 43
What are the prime factors of (-45)/15 + (117 - 3) + -1?
2, 5, 11
Let h(s) = 627*s - 21. List the prime factors of h(1).
2, 3, 101
Let u(o) = -488*o - 210. What are the prime factors of u(-4)?
2, 13, 67
Suppose -468 = -2*i - i. List the prime factors of i/(-52)*(-1 - (-86)/(-3)).
89
Suppose -5215 = 